{"id":104,"date":"2013-07-29T23:29:28","date_gmt":"2013-07-29T21:29:28","guid":{"rendered":"http:\/\/www.rensrottier.nl\/?page_id=104"},"modified":"2014-03-15T14:19:01","modified_gmt":"2014-03-15T13:19:01","slug":"missie-3","status":"publish","type":"page","link":"http:\/\/www.rensrottier.nl\/?page_id=104","title":{"rendered":"Missie"},"content":{"rendered":"<p>Op 15 december 2010 werd ons eerste kleinkind geboren. Grootouder worden hebben wij ervaren als een ingrijpende en vreugdevolle gebeurtenis. Op de\u00a0morgen na zijn geboorte keek ik mezelf aan in de spiegel en dacht: &#8216;Dat is waarvoor ik &#8217;s morgens mijn bed uitkom. Een bijdrage leveren aan de ontwikkeling van kinderen door me in te zetten voor goed onderwijs&#8217;. Door de komst van een kleinkind werd ik er weer aan herinnerd waarom ik mijn arbeidzame leven besteed aan onderwijs. Mijn kleinzoon bracht me opnieuw bij mijn drijfveer: goed en goed christelijk onderwijs realiseren voor zoveel mogelijk kinderen, ongeacht hun begaafdheid, sociale status of culturele omgeving.<\/p>\n<p>Gedurende mijn loopbaan in het onderwijs,\u00a0ben ik me meer en meer gaan concentreren op dat wat er toe doet om onderwijs van goede kwaliteit te realiseren en om de verbinding te maken tussen het christelijke geloof (de confessie) en de manier waarop we onderwijs geven (de professie).<\/p>\n<p>Goede onderwijskwaliteit draait om de<strong> leraar\u00a0<\/strong>en het gaat om de leerling. \u00a0Het draait om leraren die zich ge\u00efnspireerd weten en leerlingen weten te inspireren. Leraren goed opleiden is cruciaal en binnen scholen moeten we ervoor zorgen dat leraren steeds beter worden in hun vak.<\/p>\n<p>Daarom ben ik ge\u00efnteresseerd in de manier waarop scholen ervoor kunnen zorgen dat leraren ge\u00efnspireerd blijven en zich geheel inzetten voor hun werk. Ik ben meer en meer overtuigd geraakt dat dit kan door het cre\u00ebren van een <strong>professionele cultuur<\/strong> waarin vakmanschap, verantwoordelijkheid, ruimte, gemeenschappelijk visie en ambitie en persoonlijk leiderschap de kenmerken zijn.<\/p>\n<p>Een goede, inspirerende cultuur binnen een organisatie hangt sterk af van de manier waarop er leiding wordt gegeven. <strong>Leiderschap<\/strong> is het derde thema dat mij steeds meer interesseert en waardoor het verschil gemaakt kan worden. Ik\u00a0ben voortdurend op zoek naar het geheim van goed leiderschap, probeer daaraan ook zelf\u00a0gestalte te geven.<\/p>\n<p>Ik werk in het christelijk onderwijs en dat is een bewuste keus.\u00a0Naar mijn overtuiging is het beste wat we kinderen mee kunnen geven, goed onderwijs.\u00a0Het allerbeste is goed christelijk onderwijs. Onderwijs waarin leerlingen worden ingeleid en ingewijd in het christelijk\u00a0denken, maar waarin ze ook persoonlijk leren zich als christen te gedragen, zich geheel afhankelijk te weten van God onze Schepper en door het geloof in Christus leren om hun leven in Zijn dienst te besteden.<\/p>\n<p>Identiteit, <strong>christelijke identiteit<\/strong> en hoe dat gestalte krijgt in het onderwijs, raakt aan de professie van de leraar en zich verhoudt tot leiderschap binnen de school, is een vierde thema.<\/p>\n<p>Met deze website zal ik me bezig houden met de volgende onderwerpen: leraarschap, leiderschap, professionele cultuur, opvoeden en onderwijs, christelijk onderwijs, onderwijs en identiteit, leren en ontwikkelen, persoonlijke en professionele ontwikkeling.<\/p>\n<p>Mijn persoonlijke inspiratie vind ik in het christelijk geloof en het denken dat daarop gebaseerd is. Dit\u00a0is mijn grootste inspiratiebron. Het is het verhaal van het goede leven, duizenden jaren oud. Het bevat geweldige schatten en liet een cultuur achter van taal, wetenschap en onderwijs. In die traditie wil ik staan, met een open oog voor de huidige cultuur waarin jongeren opgroeien en volwassen worden. Ik probeer open te zijn en te staan voor anderen en luister naar en leer graag van anderen.<\/p>\n","protected":false},"excerpt":{"rendered":"<p>Op 15 december 2010 werd ons eerste kleinkind geboren. Grootouder worden hebben wij ervaren als een ingrijpende en vreugdevolle gebeurtenis. Op de\u00a0morgen na zijn geboorte keek ik mezelf aan in de spiegel en dacht: &#8216;Dat is waarvoor ik &#8217;s morgens mijn bed uitkom. Een bijdrage leveren aan de ontwikkeling van kinderen door me in te [&hellip;]<\/p>\n","protected":false},"author":1,"featured_media":0,"parent":0,"menu_order":3,"comment_status":"open","ping_status":"open","template":"","meta":[],"_links":{"self":[{"href":"http:\/\/www.rensrottier.nl\/index.php?rest_route=\/wp\/v2\/pages\/104"}],"collection":[{"href":"http:\/\/www.rensrottier.nl\/index.php?rest_route=\/wp\/v2\/pages"}],"about":[{"href":"http:\/\/www.rensrottier.nl\/index.php?rest_route=\/wp\/v2\/types\/page"}],"author":[{"embeddable":true,"href":"http:\/\/www.rensrottier.nl\/index.php?rest_route=\/wp\/v2\/users\/1"}],"replies":[{"embeddable":true,"href":"http:\/\/www.rensrottier.nl\/index.php?rest_route=%2Fwp%2Fv2%2Fcomments&post=104"}],"version-history":[{"count":14,"href":"http:\/\/www.rensrottier.nl\/index.php?rest_route=\/wp\/v2\/pages\/104\/revisions"}],"predecessor-version":[{"id":556,"href":"http:\/\/www.rensrottier.nl\/index.php?rest_route=\/wp\/v2\/pages\/104\/revisions\/556"}],"wp:attachment":[{"href":"http:\/\/www.rensrottier.nl\/index.php?rest_route=%2Fwp%2Fv2%2Fmedia&parent=104"}],"curies":[{"name":"wp","href":"https:\/\/api.w.org\/{rel}","templated":true}]}}